t of (-460)/(-11) - j/11?
4
Let h(y) = 2*y**2 + 17*y - 13. Let c(k) = -k**2 - 8*k + 6. Let f(b) = 5*c(b) + 2*h(b). What is the units digit of f(-6)?
4
Let y = -199 - -366. Suppose -5*k = p + 20 - 2, 4*p + y = -k. Let w = -29 - p. What is the units digit of w?
4
Suppose c = 5*y - 0*c - 562, 2*y + 4*c - 216 = 0. What is the units digit of y/18 - (-4)/(-18)?
6
Suppose -8*r = -4*r + 24. Let y be 4/r*(1 - -5). Let b = 8 + y. What is the units digit of b?
4
Suppose -5*v + 242 = -203. What is the tens digit of v?
8
What is the tens digit of 83 + (-3 - 5/(-5))?
8
What is the units digit of (8/6)/(0 + (-7)/(-84))?
6
What is the units digit of ((-11)/33)/(2/(-198))?
3
Suppose -3*g + 10 = -2*w, -2*w - 3 = 3*g + 7. Suppose g = 2*b - 1 + 9. What is the units digit of 75/12 + 1/b?
6
Let i be (3 + 2 + -5)/1. Suppose i = -k + 4*r - 0*r + 11, -3*k = 5*r - 67. What is the units digit of k?
9
Suppose 2*g = -4 - 2. Let f = 12 - g. Suppose -2*q = q - f. What is the units digit of q?
5
Suppose 3*y + 12 = -2*z - 0*z, 3*y = -4*z - 12. Let b(d) = d**2 + 2*d + 4. What is the units digit of b(y)?
2
Suppose 12*c = 1141 + 107. What is the hundreds digit of c?
1
Let v be 4/5*15/6. Let a = -1 + v. What is the units digit of a + 1*(1 - -1)?
3
Suppose 0 = 4*d - 3*d + 6. Let i = 7 + d. What is the units digit of i?
1
Let w(j) = j**3 - 2*j - 1. Let c be w(2). Suppose -d - 30 = -c*d. What is the units digit of d?
5
Let x(p) = -4*p**3 + 10*p**2 + 2*p - 8. Let a(s) = 7*s**3 - 19*s**2 - 3*s + 16. Let r(f) = 3*a(f) + 5*x(f). What is the tens digit of r(7)?
1
Let s(m) = 0 - 3*m + 0 + 3 + 0*m. What is the units digit of s(-4)?
5
Let t(y) = -y**3 + 3*y**2 + 4*y - 3. Let a be 3/(-9)*(5 + -14). What is the units digit of t(a)?
9
Suppose 2*w - 26 = -2*w - 2*o, -4*o = 3*w - 27. Suppose 0*z - w*z = -55. What is the tens digit of z?
1
Suppose -8 = -3*o + 70. What is the units digit of o?
6
Let a(s) = s + 1. Let j be a(4). Suppose 5*d - 125 = -j*i, -i = -3*d - 6 - 39. Suppose -n - n - 10 = 0, -5*o + i = -2*n. What is the units digit of o?
4
Let v = 43 + -69. Let w = 3 + v. Let k = -16 - w. What is the units digit of k?
7
Suppose 0 = 5*c - 15 - 45. Suppose 3*w - w - 5*z - 31 = 0, -4*z = c. What is the units digit of w?
8
Let v be 8/5*(-35)/(-14). Let c(h) = h**3 - 3*h**2 - h - 4. What is the units digit of c(v)?
8
Let a(h) = -97*h**3 - 2*h**2 - 2*h - 1. What is the tens digit of a(-1)?
9
Suppose 0 = 3*o - 4*o + 5*x + 135, o + 3*x - 135 = 0. What is the units digit of o?
5
Let m = -111 + 119. What is the units digit of m?
8
Suppose -6*b + 116 = -2*b. What is the tens digit of b?
2
Suppose -564 = -i - 3*i. Suppose -4*z - 41 = -i. What is the units digit of z?
5
Suppose 72 = -3*o - 0*o. What is the tens digit of o/((-2)/1) - -1?
1
Suppose 0 = 6*w - 2*w + 20, -5*w + 273 = 2*d. What is the hundreds digit of d?
1
Suppose 13 = f - 3*d - 0*d, f = -2*d + 8. What is the tens digit of f?
1
Suppose 35 - 111 = 2*z. Let r = z - -14. Let j = 40 + r. What is the units digit of j?
6
Let d(x) = x**2 + x - 1. Let u be d(2). Suppose -5*w + 80 = -4*a, 3*w - 31 = -2*a - u. What is the tens digit of w?
1
Let a = -2 + 3. Let b = a + 9. What is the tens digit of b?
1
What is the hundreds digit of (-5310)/(-50) - (-2)/(-10)?
1
Suppose b - 3*h - 81 = -2*h, -5*b - 4*h = -441. What is the tens digit of b?
8
Suppose 0 = l + 2*l - 90. What is the units digit of l?
0
Suppose 3*p + 61 + 132 = 4*d, p - 99 = -2*d. What is the tens digit of d?
4
Suppose 8 = 2*l + 2*l. What is the units digit of l?
2
Let b(p) = -p**2 + 9*p - 3. Let g be b(8). Suppose w - 37 = s + 6, w - g*s = 51. What is the units digit of w?
1
What is the tens digit of (2 + -1)*(935/5 + -3)?
8
Let f(p) = p + 4. Let w(h) = 2*h + 9. Let g(j) = 13*f(j) - 6*w(j). What is the units digit of g(10)?
8
Suppose w = p - 0*p - 9, 25 = -5*w. Let r(g) = -3*g. Let h be r(-3). Let v = h - p. What is the units digit of v?
5
Suppose 7*u - 72 = 5*u. What is the tens digit of u?
3
Let t = -9 - -11. Suppose p = h - 6, -5*p = -h + t*h. Suppose 1 - 6 = -h*i. What is the units digit of i?
1
Let i = -6 + 10. Let z(t) = 14*t**3 - 23*t**2 - t - 5. Let q(b) = 5*b**3 - 8*b**2 - 2. Let y(o) = 11*q(o) - 4*z(o). What is the units digit of y(i)?
4
Suppose -3*b = -2*y + 258 + 98, b - 5*y = -110. Let z be (-2)/7 - b/28. Suppose 4 = -z*c + 24. What is the units digit of c?
5
Suppose 0 = o - 1 - 6. What is the units digit of o?
7
Let t be 9/7 - (-4)/(-14). Let q(c) = 66*c**2 + 16*c - 5. Let i(p) = -13*p**2 - 3*p + 1. Let b(o) = -11*i(o) - 2*q(o). What is the units digit of b(t)?
1
Suppose 3*x = 2*x + 4. Suppose -l - x = 4*p, -p = -5*p + 2*l - 4. What is the units digit of (0 - (2 - 1))/p?
1
Let f be 30/(-8) + (-4)/16. Let t(w) = -w**3 - 4*w**2 - w + 2. Let n be t(f). Let i(o) = o - 2. What is the units digit of i(n)?
4
Let p be 4/12 + (-4)/(-6). Suppose m - 5 + p = -3*r, 4*r + 2*m = 2. Suppose 4 = x + r. What is the units digit of x?
1
Let l be -2 + (-4)/6*-3. Suppose -4*b + l*b = -76. What is the tens digit of b?
1
What is the units digit of 2048/36 + 1/9?
7
Suppose -g + 4*q - 25 = -q, 10 = 2*q. Suppose g = b + 17 - 52. Suppose 0 = -4*p - p + b. What is the units digit of p?
7
Suppose 5*p + 5*v - 3*v - 80 = 0, 0 = -p - 5*v + 39. Suppose 3*i = 3*b - 36, 0 = -3*i - 2 + p. What is the tens digit of b?
1
Suppose 22 = 4*i - 42. What is the units digit of i?
6
Suppose 151 + 73 = 4*a. What is the tens digit of a?
5
Let z = 6 - 11. What is the units digit of (-1)/(z/4 + 1)?
4
Suppose -3 = -a + 9. Let b = -7 + a. Suppose -2*y + 11 = -b. What is the units digit of y?
8
Let z(y) = -y**2 - 2*y + 2*y**2 + 5 - 2*y. What is the units digit of z(4)?
5
Let v = 0 - 10. Let g = 26 + v. What is the units digit of g?
6
What is the units digit of (-1)/4 + (-423)/(-12)?
5
Suppose 0 = -5*p - 29 - 1. Let m(y) = y**3 + 7*y**2 + 6*y + 6. What is the units digit of m(p)?
6
Suppose -2*b - 4*h + 98 = 0, 3*b = -h - 2*h + 153. What is the units digit of b?
3
Let l = 38 + 135. What is the units digit of l?
3
What is the units digit of 9/18 + (-95)/(-2)?
8
Let u(r) = -r - 1. Let d(b) = 4*b + 4. Let w(t) = d(t) + 3*u(t). Let x(l) = -l**2 + 6*l + 8. Let f be x(7). What is the units digit of w(f)?
2
Let p(r) = -4*r**2 + r + 12. Let x(u) = u**2 - 1. Let y(v) = p(v) + 6*x(v). What is the tens digit of y(-4)?
3
Let t(k) = -k - 5. Let f be t(-6). What is the units digit of 39 - (f + 2 + 0)?
6
Let n(t) = -t**2 + 12*t - 7. What is the units digit of n(7)?
8
Let y(x) = -4*x**3 - 4*x**2 + 9*x + 7. What is the hundreds digit of y(-4)?
1
Let m be (-1)/((-3)/(2 + 16)). Suppose -y + m = 2. What is the units digit of y?
4
Let n = -24 + -3. Let j = -14 - n. What is the units digit of j?
3
Suppose 5*g = z + 71, 2*z + 72 = 4*g + 5*z. Suppose -2*i + 8 = -0*i. Suppose 79 = i*j + g. What is the units digit of j?
6
Suppose -4*z + 3*s + 211 = 0, -z + 2*z = -5*s + 70. What is the tens digit of z?
5
Let f = 4 + -4. Let z = f - -3. Suppose z*x + 6 = 24. What is the units digit of x?
6
Let c = 2 - -96. What is the tens digit of c?
9
Suppose 4*h + 0 = 16. Suppose -x - h*x + 20 = 0. Suppose o - 1 = l, 3*l = -x*o + 2*o + 17. What is the units digit of l?
3
Let c = -66 - -110. What is the tens digit of c?
4
Let g(r) = 14*r + 6. What is the units digit of g(3)?
8
Let a(n) = -36*n**3 + 2*n + 2. What is the units digit of a(-1)?
6
Let c = 1 + -50. Let o = -34 - c. What is the tens digit of o?
1
What is the units digit of -1*(-1 - 2 - 4)?
7
Suppose 39 = 3*m + 3*l, 4*m = l - 2 + 39. Suppose -4*d - 23 = -3*g, -4*d - m = -2*d. What is the units digit of (-3)/6*-12*g?
6
What is the units digit of ((-68)/(-6))/(28/42)?
7
Let o(d) = -2*d + 6. Let r be o(7). Let g = 12 - r. Suppose -2*s + 0*s + g = 0. What is the units digit of s?
0
Suppose -4*j + 3*m - 64 = -2*j, 5*j + 151 = 3*m. Let o = -12 - j. What is the units digit of o?
7
Let a be (-141)/(-5) - 2/10. Suppose p - 2 = 4*f + 5, 4*p + 2*f = a. What is the units digit of p?
7
What is the hundreds digit of ((-8)/(-16))/((5/682)/5)?
3
Suppose -320 - 88 = -4*k. Suppose -173 = -5*y - 2*g, 0 = -0*y + 3*y + 3*g - k. What is the units digit of y?
5
Suppose -4*w + w + q + 148 = 0, 0 = 3*w + 2*q - 163. What is the units digit of w?
1
Let q(a) = -6*a - 2. Let n be q(-2). Let u be (-1)/((1 + -3)/n). Suppose -16 = -u*y + 24. W